{"id":2841,"date":"2024-08-25T16:54:49","date_gmt":"2024-08-25T14:54:49","guid":{"rendered":"https:\/\/www.lichtbilderliebe.de\/?page_id=2841"},"modified":"2026-04-07T08:21:24","modified_gmt":"2026-04-07T06:21:24","slug":"preise","status":"publish","type":"page","link":"https:\/\/www.lichtbilderliebe.de\/?page_id=2841","title":{"rendered":"Pakete &amp; Preise"},"content":{"rendered":"\t\t<div data-elementor-type=\"wp-page\" data-elementor-id=\"2841\" class=\"elementor elementor-2841\">\n\t\t\t\t<div class=\"elementor-element elementor-element-ef39af1 e-con-full e-flex e-con e-parent\" data-id=\"ef39af1\" data-element_type=\"container\" data-e-type=\"container\" data-settings=\"{&quot;background_background&quot;:&quot;classic&quot;}\">\n\t\t\t\t<div class=\"elementor-element elementor-element-2079ba1 elementor-widget elementor-widget-heading\" data-id=\"2079ba1\" data-element_type=\"widget\" data-e-type=\"widget\" data-widget_type=\"heading.default\">\n\t\t\t\t<div class=\"elementor-widget-container\">\n\t\t\t\t\t<h2 class=\"elementor-heading-title elementor-size-default\">eine Investition in Erinnerungen<\/h2>\t\t\t\t<\/div>\n\t\t\t\t<\/div>\n\t\t\t\t<div class=\"elementor-element elementor-element-530fc71 elementor-widget elementor-widget-heading\" data-id=\"530fc71\" data-element_type=\"widget\" data-e-type=\"widget\" data-widget_type=\"heading.default\">\n\t\t\t\t<div class=\"elementor-widget-container\">\n\t\t\t\t\t<h1 class=\"elementor-heading-title elementor-size-default\">Pakete &amp; Preise<\/h1>\t\t\t\t<\/div>\n\t\t\t\t<\/div>\n\t\t\t\t<\/div>\n\t\t<div class=\"elementor-element elementor-element-1253f0f e-flex e-con-boxed e-con e-parent\" data-id=\"1253f0f\" data-element_type=\"container\" data-e-type=\"container\">\n\t\t\t\t\t<div class=\"e-con-inner\">\n\t\t<div class=\"elementor-element elementor-element-b36d252 e-con-full e-flex e-con e-child\" data-id=\"b36d252\" data-element_type=\"container\" data-e-type=\"container\">\n\t\t\t\t<div class=\"elementor-element elementor-element-5ab8c1b elementor-widget elementor-widget-image\" data-id=\"5ab8c1b\" data-element_type=\"widget\" data-e-type=\"widget\" data-widget_type=\"image.default\">\n\t\t\t\t<div class=\"elementor-widget-container\">\n\t\t\t\t\t\t\t\t\t\t\t\t\t\t\t<img fetchpriority=\"high\" decoding=\"async\" width=\"768\" height=\"960\" src=\"https:\/\/www.lichtbilderliebe.de\/wp-content\/uploads\/2024\/12\/Bild-13-768x960.jpg\" class=\"attachment-medium_large size-medium_large wp-image-3054\" alt=\"\" srcset=\"https:\/\/www.lichtbilderliebe.de\/wp-content\/uploads\/2024\/12\/Bild-13-768x960.jpg 768w, https:\/\/www.lichtbilderliebe.de\/wp-content\/uploads\/2024\/12\/Bild-13-240x300.jpg 240w, https:\/\/www.lichtbilderliebe.de\/wp-content\/uploads\/2024\/12\/Bild-13-819x1024.jpg 819w, https:\/\/www.lichtbilderliebe.de\/wp-content\/uploads\/2024\/12\/Bild-13.jpg 864w\" sizes=\"(max-width: 768px) 100vw, 768px\" \/>\t\t\t\t\t\t\t\t\t\t\t\t\t\t\t<\/div>\n\t\t\t\t<\/div>\n\t\t\t\t<\/div>\n\t\t<div class=\"elementor-element elementor-element-234d683 e-con-full e-flex e-con e-child\" data-id=\"234d683\" data-element_type=\"container\" data-e-type=\"container\">\n\t\t\t\t<div class=\"elementor-element elementor-element-0e6ccea elementor-widget elementor-widget-heading\" data-id=\"0e6ccea\" data-element_type=\"widget\" data-e-type=\"widget\" data-widget_type=\"heading.default\">\n\t\t\t\t<div class=\"elementor-widget-container\">\n\t\t\t\t\t<h3 class=\"elementor-heading-title elementor-size-default\">Paket \"little Story\"*<\/h3>\t\t\t\t<\/div>\n\t\t\t\t<\/div>\n\t\t\t\t<div class=\"elementor-element elementor-element-c67cd56 elementor-widget__width-initial elementor-widget elementor-widget-text-editor\" data-id=\"c67cd56\" data-element_type=\"widget\" data-e-type=\"widget\" data-widget_type=\"text-editor.default\">\n\t\t\t\t<div class=\"elementor-widget-container\">\n\t\t\t\t\t\t\t\t\t<p>&#8211; 5 hochaufl\u00f6sende und liebevoll in meinem Stil bearbeitete Bilddateien zum Download<br \/>&#8211; 30 Minuten Shootingzeit drau\u00dfen in der Natur oder bei euch zu Hause<br \/>&#8211; gesch\u00fctzte Online-Galerie zur Auswahl<br \/>&#8211; jedes weitere Bild 20\u20ac<br \/>&#8211; pers\u00f6nliche Beratung zu Outfit<br \/>&#8211; Anfahrt bis 20 KM ab Neutraubling\u00a0<\/p>\t\t\t\t\t\t\t\t<\/div>\n\t\t\t\t<\/div>\n\t\t<div class=\"elementor-element elementor-element-3a06810 e-con-full e-flex e-con e-child\" data-id=\"3a06810\" data-element_type=\"container\" data-e-type=\"container\">\n\t\t\t\t<div class=\"elementor-element elementor-element-4419ee2 elementor-widget__width-initial elementor-widget elementor-widget-heading\" data-id=\"4419ee2\" data-element_type=\"widget\" data-e-type=\"widget\" data-widget_type=\"heading.default\">\n\t\t\t\t<div class=\"elementor-widget-container\">\n\t\t\t\t\t<h3 class=\"elementor-heading-title elementor-size-default\">175\u20ac<\/h3>\t\t\t\t<\/div>\n\t\t\t\t<\/div>\n\t\t\t\t<\/div>\n\t\t<div class=\"elementor-element elementor-element-3c4f0a8 e-con-full e-flex e-con e-child\" data-id=\"3c4f0a8\" data-element_type=\"container\" data-e-type=\"container\">\n\t\t\t\t<div class=\"elementor-element elementor-element-8396bd9 elementor-widget__width-initial elementor-widget elementor-widget-heading\" data-id=\"8396bd9\" data-element_type=\"widget\" data-e-type=\"widget\" data-widget_type=\"heading.default\">\n\t\t\t\t<div class=\"elementor-widget-container\">\n\t\t\t\t\t<h3 class=\"elementor-heading-title elementor-size-default\">* dieses Paket ist nicht f\u00fcr ein Newbornshooting buchbar.<\/h3>\t\t\t\t<\/div>\n\t\t\t\t<\/div>\n\t\t\t\t<\/div>\n\t\t\t\t<\/div>\n\t\t\t\t\t<\/div>\n\t\t\t\t<\/div>\n\t\t<div class=\"elementor-element elementor-element-8f888ee e-flex e-con-boxed e-con e-parent\" data-id=\"8f888ee\" data-element_type=\"container\" data-e-type=\"container\">\n\t\t\t\t\t<div class=\"e-con-inner\">\n\t\t\t\t<div class=\"elementor-element elementor-element-1fd5144 elementor-widget-divider--view-line elementor-widget elementor-widget-divider\" data-id=\"1fd5144\" data-element_type=\"widget\" data-e-type=\"widget\" data-widget_type=\"divider.default\">\n\t\t\t\t<div class=\"elementor-widget-container\">\n\t\t\t\t\t\t\t<div class=\"elementor-divider\">\n\t\t\t<span class=\"elementor-divider-separator\">\n\t\t\t\t\t\t<\/span>\n\t\t<\/div>\n\t\t\t\t\t\t<\/div>\n\t\t\t\t<\/div>\n\t\t\t\t\t<\/div>\n\t\t\t\t<\/div>\n\t\t<div class=\"elementor-element elementor-element-5942324 e-flex e-con-boxed e-con e-parent\" data-id=\"5942324\" data-element_type=\"container\" data-e-type=\"container\">\n\t\t\t\t\t<div class=\"e-con-inner\">\n\t\t<div class=\"elementor-element elementor-element-4e43009 e-con-full e-flex e-con e-child\" data-id=\"4e43009\" data-element_type=\"container\" data-e-type=\"container\">\n\t\t\t\t<div class=\"elementor-element elementor-element-c677bde elementor-widget elementor-widget-heading\" data-id=\"c677bde\" data-element_type=\"widget\" data-e-type=\"widget\" data-widget_type=\"heading.default\">\n\t\t\t\t<div class=\"elementor-widget-container\">\n\t\t\t\t\t<h3 class=\"elementor-heading-title elementor-size-default\">Paket \"Lichtbilderliebe\"<\/h3>\t\t\t\t<\/div>\n\t\t\t\t<\/div>\n\t\t\t\t<div class=\"elementor-element elementor-element-02e0736 elementor-widget__width-initial elementor-widget elementor-widget-text-editor\" data-id=\"02e0736\" data-element_type=\"widget\" data-e-type=\"widget\" data-widget_type=\"text-editor.default\">\n\t\t\t\t<div class=\"elementor-widget-container\">\n\t\t\t\t\t\t\t\t\t<p>&#8211; 10 hochaufl\u00f6sende und liebevoll in meinem Stil bearbeitete Bilddateien zum Download<br \/>&#8211; davon zwei hochwertige Drucke in 13&#215;18<br \/>&#8211; 60 bis 90 Minuten Shootingzeit bei euch zu Hause oder Outdoor<br \/>&#8211; Zeit f\u00fcr einen Outfitwechsel f\u00fcr eine gr\u00f6\u00dfere Auswahl an Bildern<br \/>&#8211; gesch\u00fctzte Online-Galerie zur Auswahl<br \/>&#8211; jedes weitere Bild 20\u20ac<br \/>&#8211; pers\u00f6nliche Beratung zu Outfit und Zugriff zum Kundenkleiderschrank<br \/>&#8211; Anfahrt bis 20 KM ab Neutraubling<\/p>\t\t\t\t\t\t\t\t<\/div>\n\t\t\t\t<\/div>\n\t\t\t\t<div class=\"elementor-element elementor-element-3397786 elementor-widget__width-initial elementor-widget elementor-widget-heading\" data-id=\"3397786\" data-element_type=\"widget\" data-e-type=\"widget\" data-widget_type=\"heading.default\">\n\t\t\t\t<div class=\"elementor-widget-container\">\n\t\t\t\t\t<h3 class=\"elementor-heading-title elementor-size-default\">249\u20ac<\/h3>\t\t\t\t<\/div>\n\t\t\t\t<\/div>\n\t\t\t\t<\/div>\n\t\t<div class=\"elementor-element elementor-element-f464cde e-con-full e-flex e-con e-child\" data-id=\"f464cde\" data-element_type=\"container\" data-e-type=\"container\">\n\t\t\t\t<div class=\"elementor-element elementor-element-42752f5 elementor-widget elementor-widget-image\" data-id=\"42752f5\" data-element_type=\"widget\" data-e-type=\"widget\" data-widget_type=\"image.default\">\n\t\t\t\t<div class=\"elementor-widget-container\">\n\t\t\t\t\t\t\t\t\t\t\t\t\t\t\t<img decoding=\"async\" width=\"768\" height=\"960\" src=\"https:\/\/www.lichtbilderliebe.de\/wp-content\/uploads\/2025\/11\/Bild-3-768x960.jpg\" class=\"attachment-medium_large size-medium_large wp-image-3358\" alt=\"\" srcset=\"https:\/\/www.lichtbilderliebe.de\/wp-content\/uploads\/2025\/11\/Bild-3-768x960.jpg 768w, https:\/\/www.lichtbilderliebe.de\/wp-content\/uploads\/2025\/11\/Bild-3-240x300.jpg 240w, https:\/\/www.lichtbilderliebe.de\/wp-content\/uploads\/2025\/11\/Bild-3-819x1024.jpg 819w, https:\/\/www.lichtbilderliebe.de\/wp-content\/uploads\/2025\/11\/Bild-3-1229x1536.jpg 1229w, https:\/\/www.lichtbilderliebe.de\/wp-content\/uploads\/2025\/11\/Bild-3-1638x2048.jpg 1638w, https:\/\/www.lichtbilderliebe.de\/wp-content\/uploads\/2025\/11\/Bild-3-scaled.jpg 2048w\" sizes=\"(max-width: 768px) 100vw, 768px\" \/>\t\t\t\t\t\t\t\t\t\t\t\t\t\t\t<\/div>\n\t\t\t\t<\/div>\n\t\t\t\t<\/div>\n\t\t\t\t\t<\/div>\n\t\t\t\t<\/div>\n\t\t<div class=\"elementor-element elementor-element-7f21849 e-flex e-con-boxed e-con e-parent\" data-id=\"7f21849\" data-element_type=\"container\" data-e-type=\"container\">\n\t\t\t\t\t<div class=\"e-con-inner\">\n\t\t\t\t<div class=\"elementor-element elementor-element-c478621 elementor-widget-divider--view-line elementor-widget elementor-widget-divider\" data-id=\"c478621\" data-element_type=\"widget\" data-e-type=\"widget\" data-widget_type=\"divider.default\">\n\t\t\t\t<div class=\"elementor-widget-container\">\n\t\t\t\t\t\t\t<div class=\"elementor-divider\">\n\t\t\t<span class=\"elementor-divider-separator\">\n\t\t\t\t\t\t<\/span>\n\t\t<\/div>\n\t\t\t\t\t\t<\/div>\n\t\t\t\t<\/div>\n\t\t\t\t\t<\/div>\n\t\t\t\t<\/div>\n\t\t<div class=\"elementor-element elementor-element-5fa4f94 e-flex e-con-boxed e-con e-parent\" data-id=\"5fa4f94\" data-element_type=\"container\" data-e-type=\"container\">\n\t\t\t\t\t<div class=\"e-con-inner\">\n\t\t<div class=\"elementor-element elementor-element-9388134 e-con-full e-flex e-con e-child\" data-id=\"9388134\" data-element_type=\"container\" data-e-type=\"container\">\n\t\t\t\t<div class=\"elementor-element elementor-element-b87b20c elementor-widget elementor-widget-image\" data-id=\"b87b20c\" data-element_type=\"widget\" data-e-type=\"widget\" data-widget_type=\"image.default\">\n\t\t\t\t<div class=\"elementor-widget-container\">\n\t\t\t\t\t\t\t\t\t\t\t\t\t\t\t<img decoding=\"async\" width=\"768\" height=\"960\" src=\"https:\/\/www.lichtbilderliebe.de\/wp-content\/uploads\/2025\/11\/Bild-5-768x960.jpg\" class=\"attachment-medium_large size-medium_large wp-image-3360\" alt=\"\" srcset=\"https:\/\/www.lichtbilderliebe.de\/wp-content\/uploads\/2025\/11\/Bild-5-768x960.jpg 768w, https:\/\/www.lichtbilderliebe.de\/wp-content\/uploads\/2025\/11\/Bild-5-240x300.jpg 240w, https:\/\/www.lichtbilderliebe.de\/wp-content\/uploads\/2025\/11\/Bild-5-819x1024.jpg 819w, https:\/\/www.lichtbilderliebe.de\/wp-content\/uploads\/2025\/11\/Bild-5-1229x1536.jpg 1229w, https:\/\/www.lichtbilderliebe.de\/wp-content\/uploads\/2025\/11\/Bild-5-1638x2048.jpg 1638w, https:\/\/www.lichtbilderliebe.de\/wp-content\/uploads\/2025\/11\/Bild-5-scaled.jpg 2048w\" sizes=\"(max-width: 768px) 100vw, 768px\" \/>\t\t\t\t\t\t\t\t\t\t\t\t\t\t\t<\/div>\n\t\t\t\t<\/div>\n\t\t\t\t<\/div>\n\t\t<div class=\"elementor-element elementor-element-bcdd9ec e-con-full e-flex e-con e-child\" data-id=\"bcdd9ec\" data-element_type=\"container\" data-e-type=\"container\">\n\t\t\t\t<div class=\"elementor-element elementor-element-3a57692 elementor-widget elementor-widget-heading\" data-id=\"3a57692\" data-element_type=\"widget\" data-e-type=\"widget\" data-widget_type=\"heading.default\">\n\t\t\t\t<div class=\"elementor-widget-container\">\n\t\t\t\t\t<h3 class=\"elementor-heading-title elementor-size-default\">Paket \"BIG STORY\"<\/h3>\t\t\t\t<\/div>\n\t\t\t\t<\/div>\n\t\t\t\t<div class=\"elementor-element elementor-element-ec4610e elementor-widget__width-initial elementor-widget elementor-widget-text-editor\" data-id=\"ec4610e\" data-element_type=\"widget\" data-e-type=\"widget\" data-widget_type=\"text-editor.default\">\n\t\t\t\t<div class=\"elementor-widget-container\">\n\t\t\t\t\t\t\t\t\t<p>&#8211; alle Bilder des Shootings (mind. 30) hochaufl\u00f6send und liebevoll in meinem Stil bearbeitet als Bilddateien zum Download<br \/>&#8211; davon f\u00fcnf hochwertige Drucke in 13&#215;18<br \/>&#8211; unbegrenzte Shootingzeit bei euch zu Hause oder Outdoor<br \/>&#8211; Zeit f\u00fcr einen Outfit- und Locationwechsel f\u00fcr eine gr\u00f6\u00dfere Auswahl an Bildern<br \/>&#8211; pers\u00f6nliche Beratung zu Outfit und Location<br \/>&#8211; Zugriff zum Kundenkleiderschrank<br \/>&#8211; Anfahrt bis 20 KM ab Neutraubling<\/p>\t\t\t\t\t\t\t\t<\/div>\n\t\t\t\t<\/div>\n\t\t\t\t<div class=\"elementor-element elementor-element-97047e7 elementor-widget__width-initial elementor-widget elementor-widget-heading\" data-id=\"97047e7\" data-element_type=\"widget\" data-e-type=\"widget\" data-widget_type=\"heading.default\">\n\t\t\t\t<div class=\"elementor-widget-container\">\n\t\t\t\t\t<h3 class=\"elementor-heading-title elementor-size-default\">499\u20ac<\/h3>\t\t\t\t<\/div>\n\t\t\t\t<\/div>\n\t\t\t\t<\/div>\n\t\t\t\t\t<\/div>\n\t\t\t\t<\/div>\n\t\t<div class=\"elementor-element elementor-element-2b8fff3 e-flex e-con-boxed e-con e-parent\" data-id=\"2b8fff3\" data-element_type=\"container\" data-e-type=\"container\">\n\t\t\t\t\t<div class=\"e-con-inner\">\n\t\t\t\t<div class=\"elementor-element elementor-element-dc5a93a elementor-widget-divider--view-line elementor-widget elementor-widget-divider\" data-id=\"dc5a93a\" data-element_type=\"widget\" data-e-type=\"widget\" data-widget_type=\"divider.default\">\n\t\t\t\t<div class=\"elementor-widget-container\">\n\t\t\t\t\t\t\t<div class=\"elementor-divider\">\n\t\t\t<span class=\"elementor-divider-separator\">\n\t\t\t\t\t\t<\/span>\n\t\t<\/div>\n\t\t\t\t\t\t<\/div>\n\t\t\t\t<\/div>\n\t\t\t\t<div class=\"elementor-element elementor-element-1b27947 elementor-widget elementor-widget-heading\" data-id=\"1b27947\" data-element_type=\"widget\" data-e-type=\"widget\" data-widget_type=\"heading.default\">\n\t\t\t\t<div class=\"elementor-widget-container\">\n\t\t\t\t\t<h2 class=\"elementor-heading-title elementor-size-default\">Allgemeine Informationen<\/h2>\t\t\t\t<\/div>\n\t\t\t\t<\/div>\n\t\t\t\t<div class=\"elementor-element elementor-element-433a166 elementor-widget__width-initial elementor-widget elementor-widget-text-editor\" data-id=\"433a166\" data-element_type=\"widget\" data-e-type=\"widget\" data-widget_type=\"text-editor.default\">\n\t\t\t\t<div class=\"elementor-widget-container\">\n\t\t\t\t\t\t\t\t\t<p>&#8211; die Preise beziehen sich auf Familien mit bis zu <span style=\"text-decoration: underline;\">vier Personen<\/span>. Jede weitere Person wird mit zzgl. 25\u20ac berechnet.<br \/>&#8211; bei Buchung eines Babybauch- <span style=\"text-decoration: underline;\"><strong>und<\/strong><\/span> eines Newbornshootings wird ein Rabatt in H\u00f6he von 50\u20ac (bei Paket &#8222;Lichtbilderliebe&#8220;) und 100\u20ac (bei Paket &#8222;Big Story&#8220;) gew\u00e4hrt<br \/>&#8211; ab 20 Kilometer Anfahrt ab Neutraubling wird eine <span style=\"text-decoration: underline;\">Fahrtkostenpauschale<\/span> in H\u00f6he von 0,50\u20ac pro zus\u00e4tzlichem Kilometer berechnet<br \/>&#8211; f\u00fcr alle Pakete kann ein <span style=\"text-decoration: underline;\">Gutschein<\/span> erworben werden (die Gutscheine haben eine G\u00fcltigkeit von drei Jahren)<\/p>\t\t\t\t\t\t\t\t<\/div>\n\t\t\t\t<\/div>\n\t\t\t\t<div class=\"elementor-element elementor-element-d1a4e08 elementor-widget-divider--view-line elementor-widget elementor-widget-divider\" data-id=\"d1a4e08\" data-element_type=\"widget\" data-e-type=\"widget\" data-widget_type=\"divider.default\">\n\t\t\t\t<div class=\"elementor-widget-container\">\n\t\t\t\t\t\t\t<div class=\"elementor-divider\">\n\t\t\t<span class=\"elementor-divider-separator\">\n\t\t\t\t\t\t<\/span>\n\t\t<\/div>\n\t\t\t\t\t\t<\/div>\n\t\t\t\t<\/div>\n\t\t\t\t<div class=\"elementor-element elementor-element-6d32c15 elementor-widget__width-initial elementor-widget elementor-widget-text-editor\" data-id=\"6d32c15\" data-element_type=\"widget\" data-e-type=\"widget\" data-widget_type=\"text-editor.default\">\n\t\t\t\t<div class=\"elementor-widget-container\">\n\t\t\t\t\t\t\t\t\t<p>Du m\u00f6chtest <strong>die Sch\u00f6nheit deines Lebens und bedeutende Augenblicke<\/strong> f\u00fcr immer bewahren? <br \/>Dann lass uns gemeinsam wundervolle <strong>Familienfotos<\/strong> kreieren. Ich freue mich, dich und deine Familie kennenzulernen und gemeinsam mit euch diese spannende Reise anzutreten.<\/p>\t\t\t\t\t\t\t\t<\/div>\n\t\t\t\t<\/div>\n\t\t\t\t<div class=\"elementor-element elementor-element-24e465b elementor-align-center elementor-widget elementor-widget-button\" data-id=\"24e465b\" data-element_type=\"widget\" data-e-type=\"widget\" data-widget_type=\"button.default\">\n\t\t\t\t<div class=\"elementor-widget-container\">\n\t\t\t\t\t\t\t\t\t<div class=\"elementor-button-wrapper\">\n\t\t\t\t\t<a class=\"elementor-button elementor-button-link elementor-size-sm\" href=\"https:\/\/www.lichtbilderliebe.de\/?page_id=27\">\n\t\t\t\t\t\t<span class=\"elementor-button-content-wrapper\">\n\t\t\t\t\t\t\t\t\t<span class=\"elementor-button-text\">Schreib mir.<\/span>\n\t\t\t\t\t<\/span>\n\t\t\t\t\t<\/a>\n\t\t\t\t<\/div>\n\t\t\t\t\t\t\t\t<\/div>\n\t\t\t\t<\/div>\n\t\t\t\t\t<\/div>\n\t\t\t\t<\/div>\n\t\t\t\t<\/div>\n\t\t","protected":false},"excerpt":{"rendered":"<p>eine Investition in Erinnerungen Pakete &amp; Preise Paket &#8222;little Story&#8220;* &#8211; 5 hochaufl\u00f6sende und liebevoll in meinem Stil bearbeitete Bilddateien zum Download&#8211; 30 Minuten Shootingzeit drau\u00dfen in der Natur oder bei euch zu Hause&#8211; gesch\u00fctzte Online-Galerie zur Auswahl&#8211; jedes weitere Bild 20\u20ac&#8211; pers\u00f6nliche Beratung zu Outfit&#8211; Anfahrt bis 20 KM ab Neutraubling\u00a0 175\u20ac * dieses [&hellip;]<\/p>\n","protected":false},"author":1,"featured_media":0,"parent":0,"menu_order":0,"comment_status":"closed","ping_status":"closed","template":"","meta":{"_monsterinsights_skip_tracking":false,"_monsterinsights_sitenote_active":false,"_monsterinsights_sitenote_note":"","_monsterinsights_sitenote_category":0,"ocean_post_layout":"full-screen","ocean_both_sidebars_style":"","ocean_both_sidebars_content_width":0,"ocean_both_sidebars_sidebars_width":0,"ocean_sidebar":"","ocean_second_sidebar":"","ocean_disable_margins":"enable","ocean_add_body_class":"","ocean_shortcode_before_top_bar":"","ocean_shortcode_after_top_bar":"","ocean_shortcode_before_header":"","ocean_shortcode_after_header":"","ocean_has_shortcode":"","ocean_shortcode_after_title":"","ocean_shortcode_before_footer_widgets":"","ocean_shortcode_after_footer_widgets":"","ocean_shortcode_before_footer_bottom":"","ocean_shortcode_after_footer_bottom":"","ocean_display_top_bar":"off","ocean_display_header":"default","ocean_header_style":"","ocean_center_header_left_menu":"","ocean_custom_header_template":"","ocean_custom_logo":0,"ocean_custom_retina_logo":0,"ocean_custom_logo_max_width":0,"ocean_custom_logo_tablet_max_width":0,"ocean_custom_logo_mobile_max_width":0,"ocean_custom_logo_max_height":0,"ocean_custom_logo_tablet_max_height":0,"ocean_custom_logo_mobile_max_height":0,"ocean_header_custom_menu":"","ocean_menu_typo_font_family":"","ocean_menu_typo_font_subset":"","ocean_menu_typo_font_size":0,"ocean_menu_typo_font_size_tablet":0,"ocean_menu_typo_font_size_mobile":0,"ocean_menu_typo_font_size_unit":"px","ocean_menu_typo_font_weight":"","ocean_menu_typo_font_weight_tablet":"","ocean_menu_typo_font_weight_mobile":"","ocean_menu_typo_transform":"","ocean_menu_typo_transform_tablet":"","ocean_menu_typo_transform_mobile":"","ocean_menu_typo_line_height":0,"ocean_menu_typo_line_height_tablet":0,"ocean_menu_typo_line_height_mobile":0,"ocean_menu_typo_line_height_unit":"","ocean_menu_typo_spacing":0,"ocean_menu_typo_spacing_tablet":0,"ocean_menu_typo_spacing_mobile":0,"ocean_menu_typo_spacing_unit":"","ocean_menu_link_color":"","ocean_menu_link_color_hover":"","ocean_menu_link_color_active":"","ocean_menu_link_background":"","ocean_menu_link_hover_background":"","ocean_menu_link_active_background":"","ocean_menu_social_links_bg":"","ocean_menu_social_hover_links_bg":"","ocean_menu_social_links_color":"","ocean_menu_social_hover_links_color":"","ocean_disable_title":"on","ocean_disable_heading":"default","ocean_post_title":"","ocean_post_subheading":"","ocean_post_title_style":"","ocean_post_title_background_color":"","ocean_post_title_background":0,"ocean_post_title_bg_image_position":"","ocean_post_title_bg_image_attachment":"","ocean_post_title_bg_image_repeat":"","ocean_post_title_bg_image_size":"","ocean_post_title_height":0,"ocean_post_title_bg_overlay":0.5,"ocean_post_title_bg_overlay_color":"","ocean_disable_breadcrumbs":"default","ocean_breadcrumbs_color":"","ocean_breadcrumbs_separator_color":"","ocean_breadcrumbs_links_color":"","ocean_breadcrumbs_links_hover_color":"","ocean_display_footer_widgets":"off","ocean_display_footer_bottom":"default","ocean_custom_footer_template":"","footnotes":""},"class_list":["post-2841","page","type-page","status-publish","hentry","entry"],"_links":{"self":[{"href":"https:\/\/www.lichtbilderliebe.de\/index.php?rest_route=\/wp\/v2\/pages\/2841","targetHints":{"allow":["GET"]}}],"collection":[{"href":"https:\/\/www.lichtbilderliebe.de\/index.php?rest_route=\/wp\/v2\/pages"}],"about":[{"href":"https:\/\/www.lichtbilderliebe.de\/index.php?rest_route=\/wp\/v2\/types\/page"}],"author":[{"embeddable":true,"href":"https:\/\/www.lichtbilderliebe.de\/index.php?rest_route=\/wp\/v2\/users\/1"}],"replies":[{"embeddable":true,"href":"https:\/\/www.lichtbilderliebe.de\/index.php?rest_route=%2Fwp%2Fv2%2Fcomments&post=2841"}],"version-history":[{"count":88,"href":"https:\/\/www.lichtbilderliebe.de\/index.php?rest_route=\/wp\/v2\/pages\/2841\/revisions"}],"predecessor-version":[{"id":3429,"href":"https:\/\/www.lichtbilderliebe.de\/index.php?rest_route=\/wp\/v2\/pages\/2841\/revisions\/3429"}],"wp:attachment":[{"href":"https:\/\/www.lichtbilderliebe.de\/index.php?rest_route=%2Fwp%2Fv2%2Fmedia&parent=2841"}],"curies":[{"name":"wp","href":"https:\/\/api.w.org\/{rel}","templated":true}]}}