{"id":1702,"date":"2024-05-21T19:50:34","date_gmt":"2024-05-21T17:50:34","guid":{"rendered":"https:\/\/www.lichtbilderliebe.de\/?page_id=1702"},"modified":"2025-11-10T18:23:08","modified_gmt":"2025-11-10T17:23:08","slug":"schwangerschaftsshooting","status":"publish","type":"page","link":"https:\/\/www.lichtbilderliebe.de\/?page_id=1702","title":{"rendered":"Babybauchshooting"},"content":{"rendered":"\t\t<div data-elementor-type=\"wp-page\" data-elementor-id=\"1702\" class=\"elementor elementor-1702\">\n\t\t\t\t<div class=\"elementor-element elementor-element-3bb280a e-con-full e-flex e-con e-parent\" data-id=\"3bb280a\" data-element_type=\"container\" data-e-type=\"container\" data-settings=\"{&quot;background_background&quot;:&quot;classic&quot;}\">\n\t\t\t\t<div class=\"elementor-element elementor-element-316e66b elementor-widget elementor-widget-heading\" data-id=\"316e66b\" data-element_type=\"widget\" data-e-type=\"widget\" data-widget_type=\"heading.default\">\n\t\t\t\t<div class=\"elementor-widget-container\">\n\t\t\t\t\t<h2 class=\"elementor-heading-title elementor-size-default\">das Wunder der Natur festhalten<\/h2>\t\t\t\t<\/div>\n\t\t\t\t<\/div>\n\t\t\t\t<div class=\"elementor-element elementor-element-a64bbf0 elementor-widget elementor-widget-heading\" data-id=\"a64bbf0\" data-element_type=\"widget\" data-e-type=\"widget\" data-widget_type=\"heading.default\">\n\t\t\t\t<div class=\"elementor-widget-container\">\n\t\t\t\t\t<h1 class=\"elementor-heading-title elementor-size-default\">Babybauchshooting<\/h1>\t\t\t\t<\/div>\n\t\t\t\t<\/div>\n\t\t\t\t<\/div>\n\t\t<div class=\"elementor-element elementor-element-67524c3 e-flex e-con-boxed e-con e-parent\" data-id=\"67524c3\" data-element_type=\"container\" data-e-type=\"container\">\n\t\t\t\t\t<div class=\"e-con-inner\">\n\t\t\t\t<div class=\"elementor-element elementor-element-86f8a5b elementor-arrows-position-inside elementor-pagination-position-outside elementor-widget elementor-widget-image-carousel\" data-id=\"86f8a5b\" data-element_type=\"widget\" data-e-type=\"widget\" data-settings=\"{&quot;slides_to_show&quot;:&quot;3&quot;,&quot;navigation&quot;:&quot;both&quot;,&quot;autoplay&quot;:&quot;yes&quot;,&quot;pause_on_hover&quot;:&quot;yes&quot;,&quot;pause_on_interaction&quot;:&quot;yes&quot;,&quot;autoplay_speed&quot;:5000,&quot;infinite&quot;:&quot;yes&quot;,&quot;speed&quot;:500}\" data-widget_type=\"image-carousel.default\">\n\t\t\t\t<div class=\"elementor-widget-container\">\n\t\t\t\t\t\t\t<div class=\"elementor-image-carousel-wrapper swiper\" role=\"region\" aria-roledescription=\"carousel\" aria-label=\"Bild Karussell\" dir=\"ltr\">\n\t\t\t<div class=\"elementor-image-carousel swiper-wrapper\" aria-live=\"off\">\n\t\t\t\t\t\t\t\t<div class=\"swiper-slide\" role=\"group\" aria-roledescription=\"slide\" aria-label=\"1 von 6\"><figure class=\"swiper-slide-inner\"><img decoding=\"async\" class=\"swiper-slide-image\" src=\"https:\/\/www.lichtbilderliebe.de\/wp-content\/uploads\/2025\/11\/Bild-5-240x300.jpg\" alt=\"Bild-5\" \/><\/figure><\/div><div class=\"swiper-slide\" role=\"group\" aria-roledescription=\"slide\" aria-label=\"2 von 6\"><figure class=\"swiper-slide-inner\"><img decoding=\"async\" class=\"swiper-slide-image\" src=\"https:\/\/www.lichtbilderliebe.de\/wp-content\/uploads\/2025\/11\/Bild-240x300.jpg\" alt=\"Bild\" \/><\/figure><\/div><div class=\"swiper-slide\" role=\"group\" aria-roledescription=\"slide\" aria-label=\"3 von 6\"><figure class=\"swiper-slide-inner\"><img decoding=\"async\" class=\"swiper-slide-image\" src=\"https:\/\/www.lichtbilderliebe.de\/wp-content\/uploads\/2025\/05\/Bild-4-1-240x300.jpg\" alt=\"Bild-4\" \/><\/figure><\/div><div class=\"swiper-slide\" role=\"group\" aria-roledescription=\"slide\" aria-label=\"4 von 6\"><figure class=\"swiper-slide-inner\"><img decoding=\"async\" class=\"swiper-slide-image\" src=\"https:\/\/www.lichtbilderliebe.de\/wp-content\/uploads\/2025\/03\/Bild-12-240x300.jpg\" alt=\"Bild-12\" \/><\/figure><\/div><div class=\"swiper-slide\" role=\"group\" aria-roledescription=\"slide\" aria-label=\"5 von 6\"><figure class=\"swiper-slide-inner\"><img decoding=\"async\" class=\"swiper-slide-image\" src=\"https:\/\/www.lichtbilderliebe.de\/wp-content\/uploads\/2025\/07\/Bild-8-240x300.jpg\" alt=\"Bild-8\" \/><\/figure><\/div><div class=\"swiper-slide\" role=\"group\" aria-roledescription=\"slide\" aria-label=\"6 von 6\"><figure class=\"swiper-slide-inner\"><img decoding=\"async\" class=\"swiper-slide-image\" src=\"https:\/\/www.lichtbilderliebe.de\/wp-content\/uploads\/2024\/06\/M22A9716-2-240x300.jpg\" alt=\"eine schwarz-wei\u00df Aufnahme einer Schwangeren Frau\" \/><\/figure><\/div>\t\t\t<\/div>\n\t\t\t\t\t\t\t\t\t\t\t\t<div class=\"elementor-swiper-button elementor-swiper-button-prev\" role=\"button\" tabindex=\"0\">\n\t\t\t\t\t\t<svg aria-hidden=\"true\" class=\"e-font-icon-svg e-eicon-chevron-left\" viewBox=\"0 0 1000 1000\" xmlns=\"http:\/\/www.w3.org\/2000\/svg\"><path d=\"M646 125C629 125 613 133 604 142L308 442C296 454 292 471 292 487 292 504 296 521 308 533L604 854C617 867 629 875 646 875 663 875 679 871 692 858 704 846 713 829 713 812 713 796 708 779 692 767L438 487 692 225C700 217 708 204 708 187 708 171 704 154 692 142 675 129 663 125 646 125Z\"><\/path><\/svg>\t\t\t\t\t<\/div>\n\t\t\t\t\t<div class=\"elementor-swiper-button elementor-swiper-button-next\" role=\"button\" tabindex=\"0\">\n\t\t\t\t\t\t<svg aria-hidden=\"true\" class=\"e-font-icon-svg e-eicon-chevron-right\" viewBox=\"0 0 1000 1000\" xmlns=\"http:\/\/www.w3.org\/2000\/svg\"><path d=\"M696 533C708 521 713 504 713 487 713 471 708 454 696 446L400 146C388 133 375 125 354 125 338 125 325 129 313 142 300 154 292 171 292 187 292 204 296 221 308 233L563 492 304 771C292 783 288 800 288 817 288 833 296 850 308 863 321 871 338 875 354 875 371 875 388 867 400 854L696 533Z\"><\/path><\/svg>\t\t\t\t\t<\/div>\n\t\t\t\t\n\t\t\t\t\t\t\t\t\t<div class=\"swiper-pagination\"><\/div>\n\t\t\t\t\t\t\t\t\t<\/div>\n\t\t\t\t\t\t<\/div>\n\t\t\t\t<\/div>\n\t\t\t\t<div class=\"elementor-element elementor-element-0241950 elementor-widget-divider--view-line elementor-widget elementor-widget-divider\" data-id=\"0241950\" data-element_type=\"widget\" data-e-type=\"widget\" data-widget_type=\"divider.default\">\n\t\t\t\t<div class=\"elementor-widget-container\">\n\t\t\t\t\t\t\t<div class=\"elementor-divider\">\n\t\t\t<span class=\"elementor-divider-separator\">\n\t\t\t\t\t\t<\/span>\n\t\t<\/div>\n\t\t\t\t\t\t<\/div>\n\t\t\t\t<\/div>\n\t\t\t\t\t<\/div>\n\t\t\t\t<\/div>\n\t\t<div class=\"elementor-element elementor-element-91debce e-flex e-con-boxed e-con e-parent\" data-id=\"91debce\" data-element_type=\"container\" data-e-type=\"container\">\n\t\t\t\t\t<div class=\"e-con-inner\">\n\t\t<div class=\"elementor-element elementor-element-2091447 e-con-full e-flex e-con e-child\" data-id=\"2091447\" data-element_type=\"container\" data-e-type=\"container\">\n\t\t\t\t<div class=\"elementor-element elementor-element-a668ab5 elementor-widget elementor-widget-heading\" data-id=\"a668ab5\" data-element_type=\"widget\" data-e-type=\"widget\" data-widget_type=\"heading.default\">\n\t\t\t\t<div class=\"elementor-widget-container\">\n\t\t\t\t\t<h2 class=\"elementor-heading-title elementor-size-default\">Babybauchfotos<\/h2>\t\t\t\t<\/div>\n\t\t\t\t<\/div>\n\t\t\t\t<div class=\"elementor-element elementor-element-0009a2f elementor-widget__width-initial elementor-widget elementor-widget-text-editor\" data-id=\"0009a2f\" data-element_type=\"widget\" data-e-type=\"widget\" data-widget_type=\"text-editor.default\">\n\t\t\t\t<div class=\"elementor-widget-container\">\n\t\t\t\t\t\t\t\t\t<p>Mit einer Schwangerschaft beginnt eine <strong>wundervolle Reise<\/strong>, welche euch zur Familie und dich zur Mama\/Papa werden l\u00e4sst. Dieses Wunder der Natur, die <strong>Vorfreude<\/strong> auf das gr\u00f6\u00dfte Wunder in deinem Leben und die sanften <strong>Rundungen des Babybauches<\/strong> sind <strong>bedeutende Augenblicke<\/strong> eures Lebens, welche ich gemeinsam mit euch in Babybauchfotos festhalten m\u00f6chte. Das Babybauchshooting gestalten wir ganz individuell, denn jede Schwangerschaft ist anders und jede werdende Mama braucht etwas anderes, um sich wohl zu f\u00fchlen. Empfehlenswert ist ein Shooting <strong>zwischen der 30. und 36. Schwangerschaftswoche<\/strong>. Zu dieser Zeit ist der Bauch sch\u00f6n rund und im Normalfall noch nicht allzu sehr abgesenkt. Bei dem Shooting sind nat\u00fcrlich auch Geschwisterkinder, falls vorhanden, herzlich Willkommen.<\/p>\t\t\t\t\t\t\t\t<\/div>\n\t\t\t\t<\/div>\n\t\t\t\t<\/div>\n\t\t<div class=\"elementor-element elementor-element-cc4a278 e-con-full e-flex e-con e-child\" data-id=\"cc4a278\" data-element_type=\"container\" data-e-type=\"container\">\n\t\t\t\t<div class=\"elementor-element elementor-element-f06b997 elementor-widget elementor-widget-image\" data-id=\"f06b997\" data-element_type=\"widget\" data-e-type=\"widget\" data-widget_type=\"image.default\">\n\t\t\t\t<div class=\"elementor-widget-container\">\n\t\t\t\t\t\t\t\t\t\t\t\t\t\t\t<img fetchpriority=\"high\" decoding=\"async\" width=\"768\" height=\"960\" src=\"https:\/\/www.lichtbilderliebe.de\/wp-content\/uploads\/2025\/03\/Bild-14-768x960.jpg\" class=\"attachment-medium_large size-medium_large wp-image-3136\" alt=\"eine schwangere Frau steht mit einem glamour\u00f6sen Kleid bei Sonnenuntergang auf einer Wiese.\" srcset=\"https:\/\/www.lichtbilderliebe.de\/wp-content\/uploads\/2025\/03\/Bild-14-768x960.jpg 768w, https:\/\/www.lichtbilderliebe.de\/wp-content\/uploads\/2025\/03\/Bild-14-240x300.jpg 240w, https:\/\/www.lichtbilderliebe.de\/wp-content\/uploads\/2025\/03\/Bild-14-819x1024.jpg 819w, https:\/\/www.lichtbilderliebe.de\/wp-content\/uploads\/2025\/03\/Bild-14.jpg 864w\" sizes=\"(max-width: 768px) 100vw, 768px\" \/>\t\t\t\t\t\t\t\t\t\t\t\t\t\t\t<\/div>\n\t\t\t\t<\/div>\n\t\t\t\t<\/div>\n\t\t\t\t\t<\/div>\n\t\t\t\t<\/div>\n\t\t<div class=\"elementor-element elementor-element-c5b89af e-flex e-con-boxed e-con e-parent\" data-id=\"c5b89af\" data-element_type=\"container\" data-e-type=\"container\">\n\t\t\t\t\t<div class=\"e-con-inner\">\n\t\t\t\t<div class=\"elementor-element elementor-element-3c6667c elementor-widget-divider--view-line elementor-widget elementor-widget-divider\" data-id=\"3c6667c\" data-element_type=\"widget\" data-e-type=\"widget\" data-widget_type=\"divider.default\">\n\t\t\t\t<div class=\"elementor-widget-container\">\n\t\t\t\t\t\t\t<div class=\"elementor-divider\">\n\t\t\t<span class=\"elementor-divider-separator\">\n\t\t\t\t\t\t<\/span>\n\t\t<\/div>\n\t\t\t\t\t\t<\/div>\n\t\t\t\t<\/div>\n\t\t\t\t\t<\/div>\n\t\t\t\t<\/div>\n\t\t<div class=\"elementor-element elementor-element-db7a8d7 e-flex e-con-boxed e-con e-parent\" data-id=\"db7a8d7\" data-element_type=\"container\" data-e-type=\"container\">\n\t\t\t\t\t<div class=\"e-con-inner\">\n\t\t<div class=\"elementor-element elementor-element-c5907e3 e-con-full e-flex e-con e-child\" data-id=\"c5907e3\" data-element_type=\"container\" data-e-type=\"container\">\n\t\t\t\t<div class=\"elementor-element elementor-element-b9c457c elementor-widget elementor-widget-image\" data-id=\"b9c457c\" data-element_type=\"widget\" data-e-type=\"widget\" data-widget_type=\"image.default\">\n\t\t\t\t<div class=\"elementor-widget-container\">\n\t\t\t\t\t\t\t\t\t\t\t\t\t\t\t<img decoding=\"async\" width=\"768\" height=\"960\" src=\"https:\/\/www.lichtbilderliebe.de\/wp-content\/uploads\/2025\/05\/Bild-5-1-768x960.jpg\" class=\"attachment-medium_large size-medium_large wp-image-3256\" alt=\"\" srcset=\"https:\/\/www.lichtbilderliebe.de\/wp-content\/uploads\/2025\/05\/Bild-5-1-768x960.jpg 768w, https:\/\/www.lichtbilderliebe.de\/wp-content\/uploads\/2025\/05\/Bild-5-1-240x300.jpg 240w, https:\/\/www.lichtbilderliebe.de\/wp-content\/uploads\/2025\/05\/Bild-5-1-819x1024.jpg 819w, https:\/\/www.lichtbilderliebe.de\/wp-content\/uploads\/2025\/05\/Bild-5-1.jpg 864w\" sizes=\"(max-width: 768px) 100vw, 768px\" \/>\t\t\t\t\t\t\t\t\t\t\t\t\t\t\t<\/div>\n\t\t\t\t<\/div>\n\t\t\t\t<\/div>\n\t\t<div class=\"elementor-element elementor-element-bf28b06 e-con-full e-flex e-con e-child\" data-id=\"bf28b06\" data-element_type=\"container\" data-e-type=\"container\">\n\t\t\t\t<div class=\"elementor-element elementor-element-7f03d67 elementor-widget elementor-widget-heading\" data-id=\"7f03d67\" data-element_type=\"widget\" data-e-type=\"widget\" data-widget_type=\"heading.default\">\n\t\t\t\t<div class=\"elementor-widget-container\">\n\t\t\t\t\t<h2 class=\"elementor-heading-title elementor-size-default\">Ablauf des     babybauchshootings<\/h2>\t\t\t\t<\/div>\n\t\t\t\t<\/div>\n\t\t\t\t<div class=\"elementor-element elementor-element-7b83d22 elementor-widget elementor-widget-text-editor\" data-id=\"7b83d22\" data-element_type=\"widget\" data-e-type=\"widget\" data-widget_type=\"text-editor.default\">\n\t\t\t\t<div class=\"elementor-widget-container\">\n\t\t\t\t\t\t\t\t\t<p>1. Wir <strong>vereinbaren einen Termin<\/strong>, der vor allem f\u00fcr euch als Familie am Besten in euren Alltag passt und bei dem wir eine Atmosph\u00e4re schaffen k\u00f6nnen, die frei von Stress und Druck ist. Der ideale Zeitpunkt f\u00fcr ein Schwangerschaftsshooting ist zwischen der 30. und 36. Schwangerschaftswoche.<\/p><p>2. Gemeinsam besprechen wir eure Vorstellungen eurer Schwangersschaftsfotos und \u00fcberlegen, wie wir diese umsetzen k\u00f6nnen. Entsprechend w\u00e4hlen wir dann die <strong>passende Location<\/strong> f\u00fcr das Babybauchshooting aus. Das Shooting kann bei euch zu Hause oder drau\u00dfen in der Natur stattfinden.\u00a0<\/p><p>3. Das Fotoshooting <strong>dauert circa 60 \u2013 90 Minuten<\/strong>. So bleibt auch Zeit, um die Location oder das Outfit zu wechseln und kleine Pausen einzulegen. Mir ist es wichtig, dass wir eine unbeschwerte Zeit verbringen k\u00f6nnen, um wundervolle Babybauchfotos kreieren zu k\u00f6nnen.\u00a0<\/p><p>4. Nach unserem Familienshooting bearbeite ich die <strong>besten Bilder<\/strong> liebevoll in meinem Stil. Ihr bekommt eure ausgew\u00e4hlten Fotos hochaufl\u00f6send und ohne Wasserzeichen zum Download <strong>in einer Online-Galerie<\/strong>.<\/p>\t\t\t\t\t\t\t\t<\/div>\n\t\t\t\t<\/div>\n\t\t\t\t<\/div>\n\t\t\t\t\t<\/div>\n\t\t\t\t<\/div>\n\t\t<div class=\"elementor-element elementor-element-bce3079 e-flex e-con-boxed e-con e-parent\" data-id=\"bce3079\" data-element_type=\"container\" data-e-type=\"container\">\n\t\t\t\t\t<div class=\"e-con-inner\">\n\t\t\t\t<div class=\"elementor-element elementor-element-53aa1bd elementor-widget-divider--view-line elementor-widget elementor-widget-divider\" data-id=\"53aa1bd\" data-element_type=\"widget\" data-e-type=\"widget\" data-widget_type=\"divider.default\">\n\t\t\t\t<div class=\"elementor-widget-container\">\n\t\t\t\t\t\t\t<div class=\"elementor-divider\">\n\t\t\t<span class=\"elementor-divider-separator\">\n\t\t\t\t\t\t<\/span>\n\t\t<\/div>\n\t\t\t\t\t\t<\/div>\n\t\t\t\t<\/div>\n\t\t\t\t\t<\/div>\n\t\t\t\t<\/div>\n\t\t<div class=\"elementor-element elementor-element-eef714e e-flex e-con-boxed e-con e-parent\" data-id=\"eef714e\" data-element_type=\"container\" data-e-type=\"container\">\n\t\t\t\t\t<div class=\"e-con-inner\">\n\t\t<div class=\"elementor-element elementor-element-49f0c48 e-con-full e-flex e-con e-child\" data-id=\"49f0c48\" data-element_type=\"container\" data-e-type=\"container\">\n\t\t\t\t<div class=\"elementor-element elementor-element-afc6647 elementor-widget elementor-widget-heading\" data-id=\"afc6647\" data-element_type=\"widget\" data-e-type=\"widget\" data-widget_type=\"heading.default\">\n\t\t\t\t<div class=\"elementor-widget-container\">\n\t\t\t\t\t<h2 class=\"elementor-heading-title elementor-size-default\">Allgemeines \u00fcber das Babybauchshooting<\/h2>\t\t\t\t<\/div>\n\t\t\t\t<\/div>\n\t\t\t\t<div class=\"elementor-element elementor-element-b274b2b elementor-widget elementor-widget-text-editor\" data-id=\"b274b2b\" data-element_type=\"widget\" data-e-type=\"widget\" data-widget_type=\"text-editor.default\">\n\t\t\t\t<div class=\"elementor-widget-container\">\n\t\t\t\t\t\t\t\t\t<p>1. F\u00fcr <strong>authentische und nat\u00fcrliche <\/strong>Schwangerschaftsfotos, d\u00fcrfen beim Fotoshooting <strong>Spa\u00df und Freude<\/strong> nicht zu kurz kommen. Wir gestalten unsere gemeinsame Zeit so, dass ihr euch fallen lassen und mich ausblenden k\u00f6nnt. Ihr d\u00fcrft kuscheln, spielen, toben, die Welt entdecken \u2013 einfach ganz <strong>ihr selbst sein.\u00a0<\/strong><\/p><p>2. Das Shooting kann an eurem <strong>Lieblingsplatz<\/strong> stattfinden oder wir finden gemeinsam eine <strong>passende Location<\/strong>. Bei Shootings in der Natur oder im \u00f6ffentlichen Raum lege ich Wert darauf, dass wir ungest\u00f6rt sein k\u00f6nnen.<\/p><p>3. Damit die Bilder harmonisch aussehen, gibt es bei der <strong>Wahl des Outfits <\/strong>einiges zu beachten. Stimmt die Outfits aufeinander ab, w\u00e4hlt warme\/erdige Farben und vermeidet gro\u00dfe Aufdrucke\/Muster. Ansonsten gilt: Zieht das an, worin ihr euch wohl und nicht verkleidet f\u00fchlt. Gerne unterst\u00fctze ich euch bei der Wahl des richtigen Outfits.\u00a0<\/p><p>4. Es regnet am <strong>Shootingtag?<\/strong> Kein Problem, denn auch bei etwas Regen k\u00f6nnen wir wundervolle Fotos machen. Sollte das Wetter ein Shooting unm\u00f6glich machen, verschieben wir den Termin oder shooten bei euch zu Hause.<\/p>\t\t\t\t\t\t\t\t<\/div>\n\t\t\t\t<\/div>\n\t\t\t\t<\/div>\n\t\t<div class=\"elementor-element elementor-element-cce7cac e-con-full e-flex e-con e-child\" data-id=\"cce7cac\" data-element_type=\"container\" data-e-type=\"container\">\n\t\t\t\t<div class=\"elementor-element elementor-element-b7b42c2 elementor-widget elementor-widget-image\" data-id=\"b7b42c2\" data-element_type=\"widget\" data-e-type=\"widget\" data-widget_type=\"image.default\">\n\t\t\t\t<div class=\"elementor-widget-container\">\n\t\t\t\t\t\t\t\t\t\t\t\t\t\t\t<img decoding=\"async\" width=\"768\" height=\"960\" src=\"https:\/\/www.lichtbilderliebe.de\/wp-content\/uploads\/2025\/11\/Bild-3-768x960.jpg\" class=\"attachment-medium_large size-medium_large wp-image-3358\" alt=\"\" srcset=\"https:\/\/www.lichtbilderliebe.de\/wp-content\/uploads\/2025\/11\/Bild-3-768x960.jpg 768w, https:\/\/www.lichtbilderliebe.de\/wp-content\/uploads\/2025\/11\/Bild-3-240x300.jpg 240w, https:\/\/www.lichtbilderliebe.de\/wp-content\/uploads\/2025\/11\/Bild-3-819x1024.jpg 819w, https:\/\/www.lichtbilderliebe.de\/wp-content\/uploads\/2025\/11\/Bild-3-1229x1536.jpg 1229w, https:\/\/www.lichtbilderliebe.de\/wp-content\/uploads\/2025\/11\/Bild-3-1638x2048.jpg 1638w, https:\/\/www.lichtbilderliebe.de\/wp-content\/uploads\/2025\/11\/Bild-3-scaled.jpg 2048w\" sizes=\"(max-width: 768px) 100vw, 768px\" \/>\t\t\t\t\t\t\t\t\t\t\t\t\t\t\t<\/div>\n\t\t\t\t<\/div>\n\t\t\t\t<\/div>\n\t\t\t\t\t<\/div>\n\t\t\t\t<\/div>\n\t\t<div class=\"elementor-element elementor-element-4000387 e-flex e-con-boxed e-con e-parent\" data-id=\"4000387\" data-element_type=\"container\" data-e-type=\"container\">\n\t\t\t\t\t<div class=\"e-con-inner\">\n\t\t\t\t<div class=\"elementor-element elementor-element-c4db00d elementor-widget-divider--view-line elementor-widget elementor-widget-divider\" data-id=\"c4db00d\" data-element_type=\"widget\" data-e-type=\"widget\" data-widget_type=\"divider.default\">\n\t\t\t\t<div class=\"elementor-widget-container\">\n\t\t\t\t\t\t\t<div class=\"elementor-divider\">\n\t\t\t<span class=\"elementor-divider-separator\">\n\t\t\t\t\t\t<\/span>\n\t\t<\/div>\n\t\t\t\t\t\t<\/div>\n\t\t\t\t<\/div>\n\t\t\t\t<div class=\"elementor-element elementor-element-bd67e6d elementor-widget elementor-widget-text-editor\" data-id=\"bd67e6d\" data-element_type=\"widget\" data-e-type=\"widget\" data-widget_type=\"text-editor.default\">\n\t\t\t\t<div class=\"elementor-widget-container\">\n\t\t\t\t\t\t\t\t\t<p>Du m\u00f6chtest die wundervolle Zeit deiner Schwangerschaft in einzigartigen Fotos festhalten?<br \/><strong>Hier geht es zu deinen Babybauchfotos:<\/strong><\/p>\t\t\t\t\t\t\t\t<\/div>\n\t\t\t\t<\/div>\n\t\t\t\t<div class=\"elementor-element elementor-element-3fefd5d elementor-align-center elementor-widget elementor-widget-button\" data-id=\"3fefd5d\" data-element_type=\"widget\" data-e-type=\"widget\" data-widget_type=\"button.default\">\n\t\t\t\t<div class=\"elementor-widget-container\">\n\t\t\t\t\t\t\t\t\t<div class=\"elementor-button-wrapper\">\n\t\t\t\t\t<a class=\"elementor-button elementor-button-link elementor-size-sm\" href=\"https:\/\/www.lichtbilderliebe.de\/?page_id=27\">\n\t\t\t\t\t\t<span class=\"elementor-button-content-wrapper\">\n\t\t\t\t\t\t\t\t\t<span class=\"elementor-button-text\">Termin vereinbaren.<\/span>\n\t\t\t\t\t<\/span>\n\t\t\t\t\t<\/a>\n\t\t\t\t<\/div>\n\t\t\t\t\t\t\t\t<\/div>\n\t\t\t\t<\/div>\n\t\t\t\t\t<\/div>\n\t\t\t\t<\/div>\n\t\t\t\t<\/div>\n\t\t","protected":false},"excerpt":{"rendered":"<p>das Wunder der Natur festhalten Babybauchshooting Babybauchfotos Mit einer Schwangerschaft beginnt eine wundervolle Reise, welche euch zur Familie und dich zur Mama\/Papa werden l\u00e4sst. Dieses Wunder der Natur, die Vorfreude auf das gr\u00f6\u00dfte Wunder in deinem Leben und die sanften Rundungen des Babybauches sind bedeutende Augenblicke eures Lebens, welche ich gemeinsam mit euch in Babybauchfotos [&hellip;]<\/p>\n","protected":false},"author":1,"featured_media":0,"parent":0,"menu_order":0,"comment_status":"closed","ping_status":"closed","template":"","meta":{"_monsterinsights_skip_tracking":false,"_monsterinsights_sitenote_active":false,"_monsterinsights_sitenote_note":"","_monsterinsights_sitenote_category":0,"ocean_post_layout":"full-screen","ocean_both_sidebars_style":"","ocean_both_sidebars_content_width":0,"ocean_both_sidebars_sidebars_width":0,"ocean_sidebar":"","ocean_second_sidebar":"","ocean_disable_margins":"enable","ocean_add_body_class":"","ocean_shortcode_before_top_bar":"","ocean_shortcode_after_top_bar":"","ocean_shortcode_before_header":"","ocean_shortcode_after_header":"","ocean_has_shortcode":"","ocean_shortcode_after_title":"","ocean_shortcode_before_footer_widgets":"","ocean_shortcode_after_footer_widgets":"","ocean_shortcode_before_footer_bottom":"","ocean_shortcode_after_footer_bottom":"","ocean_display_top_bar":"off","ocean_display_header":"default","ocean_header_style":"","ocean_center_header_left_menu":"","ocean_custom_header_template":"","ocean_custom_logo":0,"ocean_custom_retina_logo":0,"ocean_custom_logo_max_width":0,"ocean_custom_logo_tablet_max_width":0,"ocean_custom_logo_mobile_max_width":0,"ocean_custom_logo_max_height":0,"ocean_custom_logo_tablet_max_height":0,"ocean_custom_logo_mobile_max_height":0,"ocean_header_custom_menu":"","ocean_menu_typo_font_family":"","ocean_menu_typo_font_subset":"","ocean_menu_typo_font_size":0,"ocean_menu_typo_font_size_tablet":0,"ocean_menu_typo_font_size_mobile":0,"ocean_menu_typo_font_size_unit":"px","ocean_menu_typo_font_weight":"","ocean_menu_typo_font_weight_tablet":"","ocean_menu_typo_font_weight_mobile":"","ocean_menu_typo_transform":"","ocean_menu_typo_transform_tablet":"","ocean_menu_typo_transform_mobile":"","ocean_menu_typo_line_height":0,"ocean_menu_typo_line_height_tablet":0,"ocean_menu_typo_line_height_mobile":0,"ocean_menu_typo_line_height_unit":"","ocean_menu_typo_spacing":0,"ocean_menu_typo_spacing_tablet":0,"ocean_menu_typo_spacing_mobile":0,"ocean_menu_typo_spacing_unit":"","ocean_menu_link_color":"","ocean_menu_link_color_hover":"","ocean_menu_link_color_active":"","ocean_menu_link_background":"","ocean_menu_link_hover_background":"","ocean_menu_link_active_background":"","ocean_menu_social_links_bg":"","ocean_menu_social_hover_links_bg":"","ocean_menu_social_links_color":"","ocean_menu_social_hover_links_color":"","ocean_disable_title":"on","ocean_disable_heading":"default","ocean_post_title":"","ocean_post_subheading":"","ocean_post_title_style":"","ocean_post_title_background_color":"","ocean_post_title_background":0,"ocean_post_title_bg_image_position":"","ocean_post_title_bg_image_attachment":"","ocean_post_title_bg_image_repeat":"","ocean_post_title_bg_image_size":"","ocean_post_title_height":0,"ocean_post_title_bg_overlay":0.5,"ocean_post_title_bg_overlay_color":"","ocean_disable_breadcrumbs":"default","ocean_breadcrumbs_color":"","ocean_breadcrumbs_separator_color":"","ocean_breadcrumbs_links_color":"","ocean_breadcrumbs_links_hover_color":"","ocean_display_footer_widgets":"off","ocean_display_footer_bottom":"default","ocean_custom_footer_template":"","footnotes":""},"class_list":["post-1702","page","type-page","status-publish","hentry","entry"],"_links":{"self":[{"href":"https:\/\/www.lichtbilderliebe.de\/index.php?rest_route=\/wp\/v2\/pages\/1702","targetHints":{"allow":["GET"]}}],"collection":[{"href":"https:\/\/www.lichtbilderliebe.de\/index.php?rest_route=\/wp\/v2\/pages"}],"about":[{"href":"https:\/\/www.lichtbilderliebe.de\/index.php?rest_route=\/wp\/v2\/types\/page"}],"author":[{"embeddable":true,"href":"https:\/\/www.lichtbilderliebe.de\/index.php?rest_route=\/wp\/v2\/users\/1"}],"replies":[{"embeddable":true,"href":"https:\/\/www.lichtbilderliebe.de\/index.php?rest_route=%2Fwp%2Fv2%2Fcomments&post=1702"}],"version-history":[{"count":159,"href":"https:\/\/www.lichtbilderliebe.de\/index.php?rest_route=\/wp\/v2\/pages\/1702\/revisions"}],"predecessor-version":[{"id":3366,"href":"https:\/\/www.lichtbilderliebe.de\/index.php?rest_route=\/wp\/v2\/pages\/1702\/revisions\/3366"}],"wp:attachment":[{"href":"https:\/\/www.lichtbilderliebe.de\/index.php?rest_route=%2Fwp%2Fv2%2Fmedia&parent=1702"}],"curies":[{"name":"wp","href":"https:\/\/api.w.org\/{rel}","templated":true}]}}